{"id":102,"date":"2021-10-14T10:01:38","date_gmt":"2021-10-14T08:01:38","guid":{"rendered":"https:\/\/www.gynein.sk\/?page_id=102"},"modified":"2023-11-22T18:22:31","modified_gmt":"2023-11-22T17:22:31","slug":"zdravotny-obvod","status":"publish","type":"page","link":"https:\/\/gynein.sk\/?page_id=102","title":{"rendered":"Zdravotn\u00fd obvod"},"content":{"rendered":"\n<ul class=\"wp-block-list\">\n<li><strong>nov\u00e9 pacientky od in\u00fdch lek\u00e1rov neberieme<\/strong><\/li>\n\n\n\n<li>do ambulancie priber\u00e1me iba pacientky, ktor\u00e9 e\u0161te nemaj\u00fa gynekol\u00f3ga a <strong>patria do n\u00e1\u0161ho obvodu<\/strong>, pr\u00edpadne sa do n\u00e1\u0161ho obvodu pris\u0165ahovali<\/li>\n\n\n\n<li><strong>n\u00e1\u0161 obvod:<\/strong><\/li>\n<\/ul>\n\n\n\n<p>B\u00e1novce nad Bebravou:  <\/p>\n\n\n\n<p>5. apr\u00edla, 9. m\u00e1ja, A. Hlinku, A Kme\u0165a, Bernol\u00e1kova, Cibisl\u00e1vska, Clementisova, Dru\u017estevn\u00e1, Farsk\u00e1, Holl\u00e9ho, I. Krasku, J. G. Tajovsk\u00e9ho, J. Ka\u010dku, J\u00e1na Bottu, Janka Jesensk\u00e9ho, Janka Kr\u00e1\u013ea, K nemocnici, K nemocnici 782, K priehrade, K \u0161tadi\u00f3nu, Za Valy, K Zornici, \u013dudmily Podjavorinskej, M. R. \u0160tef\u00e1nika, Mila Urbana, Mlynsk\u00e1, Murga\u0161ova, N\u00e1m. \u013d. \u0160t\u00fara, P\u00e1lkovi\u010dova, Partiz\u00e1nska, Pribinova, Radlinsk\u00e9ho, Roko\u0161sk\u00e1, Rumunsk\u00e1, Sasinkova, Sl\u00e1dkovi\u010dova, SNP, Str\u00e1\u017eovsk\u00e1, \u0160kolsk\u00e1, Textiln\u00e1, Tren\u010dianska, Vystrkov, Z\u00e1fort\u0148a<\/p>\n\n\n\n<p>Biskupice,\nBrezolupy, Brezolupy \u010das\u0165\n\u2013\nJerichov, Doln\u00e9 Ozorovce, Horn\u00e9 Ozorovce, Mal\u00e9 Chlievany, Ve\u013ek\u00e9\nChlievany<\/p>\n\n\n\n<p>Cimenn\u00e1, De\u017eerice, Doln\u00e9 Na\u0161tice, Dr\u017ekovce, \u010cuklasovce, Dubni\u010dka, Dvorec, Hal\u00e1\u010dovce, \u013dutov, Mal\u00e1 Hradn\u00e1, Miezgovce, Otrh\u00e1nky, Pe\u010de\u0148any, Podlu\u017eany, Prusy, Ruskovce, Uhrovec &#8211; L\u00e1tkovce<\/p>\n","protected":false},"excerpt":{"rendered":"<p>B\u00e1novce nad Bebravou: 5. apr\u00edla, 9. m\u00e1ja, A. Hlinku, A Kme\u0165a, Bernol\u00e1kova, Cibisl\u00e1vska, Clementisova, Dru\u017estevn\u00e1, Farsk\u00e1, Holl\u00e9ho, I. Krasku, J. G. Tajovsk\u00e9ho, J. Ka\u010dku, J\u00e1na Bottu, Janka Jesensk\u00e9ho, Janka Kr\u00e1\u013ea, K nemocnici, K nemocnici 782, K priehrade, K \u0161tadi\u00f3nu, Za Valy, K Zornici, \u013dudmily Podjavorinskej, M. R. \u0160tef\u00e1nika, Mila Urbana, Mlynsk\u00e1, Murga\u0161ova, N\u00e1m. \u013d. \u0160t\u00fara, [&hellip;]<\/p>\n","protected":false},"author":1,"featured_media":0,"parent":0,"menu_order":0,"comment_status":"closed","ping_status":"closed","template":"","meta":{"_monsterinsights_skip_tracking":false,"_monsterinsights_sitenote_active":false,"_monsterinsights_sitenote_note":"","_monsterinsights_sitenote_category":0,"footnotes":""},"class_list":["post-102","page","type-page","status-publish","hentry"],"yoast_head":"<!-- This site is optimized with the Yoast SEO plugin v23.2 - https:\/\/yoast.com\/wordpress\/plugins\/seo\/ -->\n<title>Zdravotn\u00fd obvod - Gynein<\/title>\n<meta name=\"robots\" content=\"index, follow, max-snippet:-1, max-image-preview:large, max-video-preview:-1\" \/>\n<link rel=\"canonical\" href=\"https:\/\/gynein.sk\/?page_id=102\" \/>\n<meta property=\"og:locale\" content=\"sk_SK\" \/>\n<meta property=\"og:type\" content=\"article\" \/>\n<meta property=\"og:title\" content=\"Zdravotn\u00fd obvod - Gynein\" \/>\n<meta property=\"og:description\" content=\"B\u00e1novce nad Bebravou: 5. apr\u00edla, 9. m\u00e1ja, A. Hlinku, A Kme\u0165a, Bernol\u00e1kova, Cibisl\u00e1vska, Clementisova, Dru\u017estevn\u00e1, Farsk\u00e1, Holl\u00e9ho, I. Krasku, J. G. Tajovsk\u00e9ho, J. Ka\u010dku, J\u00e1na Bottu, Janka Jesensk\u00e9ho, Janka Kr\u00e1\u013ea, K nemocnici, K nemocnici 782, K priehrade, K \u0161tadi\u00f3nu, Za Valy, K Zornici, \u013dudmily Podjavorinskej, M. R. \u0160tef\u00e1nika, Mila Urbana, Mlynsk\u00e1, Murga\u0161ova, N\u00e1m. \u013d. \u0160t\u00fara, [&hellip;]\" \/>\n<meta property=\"og:url\" content=\"https:\/\/gynein.sk\/?page_id=102\" \/>\n<meta property=\"og:site_name\" content=\"Gynein\" \/>\n<meta property=\"article:modified_time\" content=\"2023-11-22T17:22:31+00:00\" \/>\n<meta name=\"twitter:card\" content=\"summary_large_image\" \/>\n<meta name=\"twitter:label1\" content=\"Predpokladan\u00fd \u010das \u010d\u00edtania\" \/>\n\t<meta name=\"twitter:data1\" content=\"1 min\u00fata\" \/>\n<script type=\"application\/ld+json\" class=\"yoast-schema-graph\">{\"@context\":\"https:\/\/schema.org\",\"@graph\":[{\"@type\":\"WebPage\",\"@id\":\"https:\/\/gynein.sk\/?page_id=102\",\"url\":\"https:\/\/gynein.sk\/?page_id=102\",\"name\":\"Zdravotn\u00fd obvod - Gynein\",\"isPartOf\":{\"@id\":\"https:\/\/gynein.sk\/#website\"},\"datePublished\":\"2021-10-14T08:01:38+00:00\",\"dateModified\":\"2023-11-22T17:22:31+00:00\",\"breadcrumb\":{\"@id\":\"https:\/\/gynein.sk\/?page_id=102#breadcrumb\"},\"inLanguage\":\"sk-SK\",\"potentialAction\":[{\"@type\":\"ReadAction\",\"target\":[\"https:\/\/gynein.sk\/?page_id=102\"]}]},{\"@type\":\"BreadcrumbList\",\"@id\":\"https:\/\/gynein.sk\/?page_id=102#breadcrumb\",\"itemListElement\":[{\"@type\":\"ListItem\",\"position\":1,\"name\":\"Home\",\"item\":\"https:\/\/gynein.sk\/\"},{\"@type\":\"ListItem\",\"position\":2,\"name\":\"Zdravotn\u00fd obvod\"}]},{\"@type\":\"WebSite\",\"@id\":\"https:\/\/gynein.sk\/#website\",\"url\":\"https:\/\/gynein.sk\/\",\"name\":\"Gynein\",\"description\":\"Komplexn\u00e1 starostlivos\u0165 v \u0161pecializovan\u00fdch odboroch\",\"potentialAction\":[{\"@type\":\"SearchAction\",\"target\":{\"@type\":\"EntryPoint\",\"urlTemplate\":\"https:\/\/gynein.sk\/?s={search_term_string}\"},\"query-input\":\"required name=search_term_string\"}],\"inLanguage\":\"sk-SK\"}]}<\/script>\n<!-- \/ Yoast SEO plugin. -->","yoast_head_json":{"title":"Zdravotn\u00fd obvod - Gynein","robots":{"index":"index","follow":"follow","max-snippet":"max-snippet:-1","max-image-preview":"max-image-preview:large","max-video-preview":"max-video-preview:-1"},"canonical":"https:\/\/gynein.sk\/?page_id=102","og_locale":"sk_SK","og_type":"article","og_title":"Zdravotn\u00fd obvod - Gynein","og_description":"B\u00e1novce nad Bebravou: 5. apr\u00edla, 9. m\u00e1ja, A. Hlinku, A Kme\u0165a, Bernol\u00e1kova, Cibisl\u00e1vska, Clementisova, Dru\u017estevn\u00e1, Farsk\u00e1, Holl\u00e9ho, I. Krasku, J. G. Tajovsk\u00e9ho, J. Ka\u010dku, J\u00e1na Bottu, Janka Jesensk\u00e9ho, Janka Kr\u00e1\u013ea, K nemocnici, K nemocnici 782, K priehrade, K \u0161tadi\u00f3nu, Za Valy, K Zornici, \u013dudmily Podjavorinskej, M. R. \u0160tef\u00e1nika, Mila Urbana, Mlynsk\u00e1, Murga\u0161ova, N\u00e1m. \u013d. \u0160t\u00fara, [&hellip;]","og_url":"https:\/\/gynein.sk\/?page_id=102","og_site_name":"Gynein","article_modified_time":"2023-11-22T17:22:31+00:00","twitter_card":"summary_large_image","twitter_misc":{"Predpokladan\u00fd \u010das \u010d\u00edtania":"1 min\u00fata"},"schema":{"@context":"https:\/\/schema.org","@graph":[{"@type":"WebPage","@id":"https:\/\/gynein.sk\/?page_id=102","url":"https:\/\/gynein.sk\/?page_id=102","name":"Zdravotn\u00fd obvod - Gynein","isPartOf":{"@id":"https:\/\/gynein.sk\/#website"},"datePublished":"2021-10-14T08:01:38+00:00","dateModified":"2023-11-22T17:22:31+00:00","breadcrumb":{"@id":"https:\/\/gynein.sk\/?page_id=102#breadcrumb"},"inLanguage":"sk-SK","potentialAction":[{"@type":"ReadAction","target":["https:\/\/gynein.sk\/?page_id=102"]}]},{"@type":"BreadcrumbList","@id":"https:\/\/gynein.sk\/?page_id=102#breadcrumb","itemListElement":[{"@type":"ListItem","position":1,"name":"Home","item":"https:\/\/gynein.sk\/"},{"@type":"ListItem","position":2,"name":"Zdravotn\u00fd obvod"}]},{"@type":"WebSite","@id":"https:\/\/gynein.sk\/#website","url":"https:\/\/gynein.sk\/","name":"Gynein","description":"Komplexn\u00e1 starostlivos\u0165 v \u0161pecializovan\u00fdch odboroch","potentialAction":[{"@type":"SearchAction","target":{"@type":"EntryPoint","urlTemplate":"https:\/\/gynein.sk\/?s={search_term_string}"},"query-input":"required name=search_term_string"}],"inLanguage":"sk-SK"}]}},"_links":{"self":[{"href":"https:\/\/gynein.sk\/index.php?rest_route=\/wp\/v2\/pages\/102"}],"collection":[{"href":"https:\/\/gynein.sk\/index.php?rest_route=\/wp\/v2\/pages"}],"about":[{"href":"https:\/\/gynein.sk\/index.php?rest_route=\/wp\/v2\/types\/page"}],"author":[{"embeddable":true,"href":"https:\/\/gynein.sk\/index.php?rest_route=\/wp\/v2\/users\/1"}],"replies":[{"embeddable":true,"href":"https:\/\/gynein.sk\/index.php?rest_route=%2Fwp%2Fv2%2Fcomments&post=102"}],"version-history":[{"count":4,"href":"https:\/\/gynein.sk\/index.php?rest_route=\/wp\/v2\/pages\/102\/revisions"}],"predecessor-version":[{"id":211,"href":"https:\/\/gynein.sk\/index.php?rest_route=\/wp\/v2\/pages\/102\/revisions\/211"}],"wp:attachment":[{"href":"https:\/\/gynein.sk\/index.php?rest_route=%2Fwp%2Fv2%2Fmedia&parent=102"}],"curies":[{"name":"wp","href":"https:\/\/api.w.org\/{rel}","templated":true}]}}