{"id":110,"date":"2021-10-14T10:03:05","date_gmt":"2021-10-14T08:03:05","guid":{"rendered":"https:\/\/www.gynein.sk\/?page_id=110"},"modified":"2021-10-15T09:25:16","modified_gmt":"2021-10-15T07:25:16","slug":"preventivne-prehliadky","status":"publish","type":"page","link":"https:\/\/gynein.sk\/?page_id=110","title":{"rendered":"Prevent\u00edvne prehliadky"},"content":{"rendered":"\n<ul class=\"wp-block-list\"><li>n\u00e1rok na prevent\u00edvnu prehliadku m\u00e1 ka\u017ed\u00e1 \u017eena jedenkr\u00e1t ro\u010dne po dovr\u0161en\u00ed 18 rokov alebo od prv\u00e9ho tehotenstva. <\/li><li>gynekologick\u00e1 prevent\u00edvna prehliadka je komplexn\u00e9 gynekologick\u00e9 vy\u0161etrenie zameran\u00e9 na vyhlad\u00e1vanie a v\u010dasn\u00fa diagnostiku ochoren\u00ed \u017eensk\u00fdch pohlavn\u00fdch org\u00e1nov. <\/li><li>n\u00e1pl\u0148ou prevent\u00edvnej prehliadky je<ul><li>d\u00f4kladn\u00e1 anamn\u00e9za, \u010di\u017ee z\u00edskanie podrobn\u00fdch inform\u00e1cii o zdravotnom stave, pou\u010denie a poradenstvo<\/li><li>vy\u0161etrenie v po\u0161vov\u00fdch zrkadl\u00e1ch<\/li><li>odber cytol\u00f3gie z kr\u010dka maternice<\/li><li>palpa\u010dn\u00e9 vy\u0161etrenie. <\/li><li>ultrazvukov\u00e9 vy\u0161etrenie org\u00e1nov malej panvy <\/li><\/ul><\/li><\/ul>\n\n\n\n<p>Rakovina prsn\u00edka je naj\u010dastej\u0161ia pr\u00ed\u010dina smrti u \u017eien na zhubn\u00e9 ochorenia v s\u00fa\u010dasnosti.<br>Rakovina kr\u010dka maternice je 2. naj\u010dastej\u0161ou pr\u00ed\u010dinou smrti \u017eien na zhubn\u00e9 ochorenia v s\u00fa\u010dasnosti.<br>Na Slovensku trp\u00ed \u00fanikom mo\u010du asi 240 000 \u017eien a len 5 % z nich vyh\u013ead\u00e1 lek\u00e1ra.<br>Prevent\u00edvnymi prehliadkami sa sna\u017e\u00edme t\u00fdmto ochoreniam predch\u00e1dza\u0165.<\/p>\n","protected":false},"excerpt":{"rendered":"<p>n\u00e1rok na prevent\u00edvnu prehliadku m\u00e1 ka\u017ed\u00e1 \u017eena jedenkr\u00e1t ro\u010dne po dovr\u0161en\u00ed 18 rokov alebo od prv\u00e9ho tehotenstva. gynekologick\u00e1 prevent\u00edvna prehliadka je komplexn\u00e9 gynekologick\u00e9 vy\u0161etrenie zameran\u00e9 na vyhlad\u00e1vanie a v\u010dasn\u00fa diagnostiku ochoren\u00ed \u017eensk\u00fdch pohlavn\u00fdch org\u00e1nov. n\u00e1pl\u0148ou prevent\u00edvnej prehliadky je d\u00f4kladn\u00e1 anamn\u00e9za, \u010di\u017ee z\u00edskanie podrobn\u00fdch inform\u00e1cii o zdravotnom stave, pou\u010denie a poradenstvo vy\u0161etrenie v po\u0161vov\u00fdch zrkadl\u00e1ch odber [&hellip;]<\/p>\n","protected":false},"author":1,"featured_media":0,"parent":0,"menu_order":0,"comment_status":"closed","ping_status":"closed","template":"","meta":{"_monsterinsights_skip_tracking":false,"_monsterinsights_sitenote_active":false,"_monsterinsights_sitenote_note":"","_monsterinsights_sitenote_category":0,"footnotes":""},"class_list":["post-110","page","type-page","status-publish","hentry"],"yoast_head":"<!-- This site is optimized with the Yoast SEO plugin v23.2 - https:\/\/yoast.com\/wordpress\/plugins\/seo\/ -->\n<title>Prevent\u00edvne prehliadky - Gynein<\/title>\n<meta name=\"robots\" content=\"index, follow, max-snippet:-1, max-image-preview:large, max-video-preview:-1\" \/>\n<link rel=\"canonical\" href=\"https:\/\/gynein.sk\/?page_id=110\" \/>\n<meta property=\"og:locale\" content=\"sk_SK\" \/>\n<meta property=\"og:type\" content=\"article\" \/>\n<meta property=\"og:title\" content=\"Prevent\u00edvne prehliadky - Gynein\" \/>\n<meta property=\"og:description\" content=\"n\u00e1rok na prevent\u00edvnu prehliadku m\u00e1 ka\u017ed\u00e1 \u017eena jedenkr\u00e1t ro\u010dne po dovr\u0161en\u00ed 18 rokov alebo od prv\u00e9ho tehotenstva. gynekologick\u00e1 prevent\u00edvna prehliadka je komplexn\u00e9 gynekologick\u00e9 vy\u0161etrenie zameran\u00e9 na vyhlad\u00e1vanie a v\u010dasn\u00fa diagnostiku ochoren\u00ed \u017eensk\u00fdch pohlavn\u00fdch org\u00e1nov. n\u00e1pl\u0148ou prevent\u00edvnej prehliadky je d\u00f4kladn\u00e1 anamn\u00e9za, \u010di\u017ee z\u00edskanie podrobn\u00fdch inform\u00e1cii o zdravotnom stave, pou\u010denie a poradenstvo vy\u0161etrenie v po\u0161vov\u00fdch zrkadl\u00e1ch odber [&hellip;]\" \/>\n<meta property=\"og:url\" content=\"https:\/\/gynein.sk\/?page_id=110\" \/>\n<meta property=\"og:site_name\" content=\"Gynein\" \/>\n<meta property=\"article:modified_time\" content=\"2021-10-15T07:25:16+00:00\" \/>\n<meta name=\"twitter:card\" content=\"summary_large_image\" \/>\n<meta name=\"twitter:label1\" content=\"Predpokladan\u00fd \u010das \u010d\u00edtania\" \/>\n\t<meta name=\"twitter:data1\" content=\"1 min\u00fata\" \/>\n<script type=\"application\/ld+json\" class=\"yoast-schema-graph\">{\"@context\":\"https:\/\/schema.org\",\"@graph\":[{\"@type\":\"WebPage\",\"@id\":\"https:\/\/gynein.sk\/?page_id=110\",\"url\":\"https:\/\/gynein.sk\/?page_id=110\",\"name\":\"Prevent\u00edvne prehliadky - Gynein\",\"isPartOf\":{\"@id\":\"https:\/\/gynein.sk\/#website\"},\"datePublished\":\"2021-10-14T08:03:05+00:00\",\"dateModified\":\"2021-10-15T07:25:16+00:00\",\"breadcrumb\":{\"@id\":\"https:\/\/gynein.sk\/?page_id=110#breadcrumb\"},\"inLanguage\":\"sk-SK\",\"potentialAction\":[{\"@type\":\"ReadAction\",\"target\":[\"https:\/\/gynein.sk\/?page_id=110\"]}]},{\"@type\":\"BreadcrumbList\",\"@id\":\"https:\/\/gynein.sk\/?page_id=110#breadcrumb\",\"itemListElement\":[{\"@type\":\"ListItem\",\"position\":1,\"name\":\"Home\",\"item\":\"https:\/\/gynein.sk\/\"},{\"@type\":\"ListItem\",\"position\":2,\"name\":\"Prevent\u00edvne prehliadky\"}]},{\"@type\":\"WebSite\",\"@id\":\"https:\/\/gynein.sk\/#website\",\"url\":\"https:\/\/gynein.sk\/\",\"name\":\"Gynein\",\"description\":\"Komplexn\u00e1 starostlivos\u0165 v \u0161pecializovan\u00fdch odboroch\",\"potentialAction\":[{\"@type\":\"SearchAction\",\"target\":{\"@type\":\"EntryPoint\",\"urlTemplate\":\"https:\/\/gynein.sk\/?s={search_term_string}\"},\"query-input\":\"required name=search_term_string\"}],\"inLanguage\":\"sk-SK\"}]}<\/script>\n<!-- \/ Yoast SEO plugin. -->","yoast_head_json":{"title":"Prevent\u00edvne prehliadky - Gynein","robots":{"index":"index","follow":"follow","max-snippet":"max-snippet:-1","max-image-preview":"max-image-preview:large","max-video-preview":"max-video-preview:-1"},"canonical":"https:\/\/gynein.sk\/?page_id=110","og_locale":"sk_SK","og_type":"article","og_title":"Prevent\u00edvne prehliadky - Gynein","og_description":"n\u00e1rok na prevent\u00edvnu prehliadku m\u00e1 ka\u017ed\u00e1 \u017eena jedenkr\u00e1t ro\u010dne po dovr\u0161en\u00ed 18 rokov alebo od prv\u00e9ho tehotenstva. gynekologick\u00e1 prevent\u00edvna prehliadka je komplexn\u00e9 gynekologick\u00e9 vy\u0161etrenie zameran\u00e9 na vyhlad\u00e1vanie a v\u010dasn\u00fa diagnostiku ochoren\u00ed \u017eensk\u00fdch pohlavn\u00fdch org\u00e1nov. n\u00e1pl\u0148ou prevent\u00edvnej prehliadky je d\u00f4kladn\u00e1 anamn\u00e9za, \u010di\u017ee z\u00edskanie podrobn\u00fdch inform\u00e1cii o zdravotnom stave, pou\u010denie a poradenstvo vy\u0161etrenie v po\u0161vov\u00fdch zrkadl\u00e1ch odber [&hellip;]","og_url":"https:\/\/gynein.sk\/?page_id=110","og_site_name":"Gynein","article_modified_time":"2021-10-15T07:25:16+00:00","twitter_card":"summary_large_image","twitter_misc":{"Predpokladan\u00fd \u010das \u010d\u00edtania":"1 min\u00fata"},"schema":{"@context":"https:\/\/schema.org","@graph":[{"@type":"WebPage","@id":"https:\/\/gynein.sk\/?page_id=110","url":"https:\/\/gynein.sk\/?page_id=110","name":"Prevent\u00edvne prehliadky - Gynein","isPartOf":{"@id":"https:\/\/gynein.sk\/#website"},"datePublished":"2021-10-14T08:03:05+00:00","dateModified":"2021-10-15T07:25:16+00:00","breadcrumb":{"@id":"https:\/\/gynein.sk\/?page_id=110#breadcrumb"},"inLanguage":"sk-SK","potentialAction":[{"@type":"ReadAction","target":["https:\/\/gynein.sk\/?page_id=110"]}]},{"@type":"BreadcrumbList","@id":"https:\/\/gynein.sk\/?page_id=110#breadcrumb","itemListElement":[{"@type":"ListItem","position":1,"name":"Home","item":"https:\/\/gynein.sk\/"},{"@type":"ListItem","position":2,"name":"Prevent\u00edvne prehliadky"}]},{"@type":"WebSite","@id":"https:\/\/gynein.sk\/#website","url":"https:\/\/gynein.sk\/","name":"Gynein","description":"Komplexn\u00e1 starostlivos\u0165 v \u0161pecializovan\u00fdch odboroch","potentialAction":[{"@type":"SearchAction","target":{"@type":"EntryPoint","urlTemplate":"https:\/\/gynein.sk\/?s={search_term_string}"},"query-input":"required name=search_term_string"}],"inLanguage":"sk-SK"}]}},"_links":{"self":[{"href":"https:\/\/gynein.sk\/index.php?rest_route=\/wp\/v2\/pages\/110"}],"collection":[{"href":"https:\/\/gynein.sk\/index.php?rest_route=\/wp\/v2\/pages"}],"about":[{"href":"https:\/\/gynein.sk\/index.php?rest_route=\/wp\/v2\/types\/page"}],"author":[{"embeddable":true,"href":"https:\/\/gynein.sk\/index.php?rest_route=\/wp\/v2\/users\/1"}],"replies":[{"embeddable":true,"href":"https:\/\/gynein.sk\/index.php?rest_route=%2Fwp%2Fv2%2Fcomments&post=110"}],"version-history":[{"count":3,"href":"https:\/\/gynein.sk\/index.php?rest_route=\/wp\/v2\/pages\/110\/revisions"}],"predecessor-version":[{"id":143,"href":"https:\/\/gynein.sk\/index.php?rest_route=\/wp\/v2\/pages\/110\/revisions\/143"}],"wp:attachment":[{"href":"https:\/\/gynein.sk\/index.php?rest_route=%2Fwp%2Fv2%2Fmedia&parent=110"}],"curies":[{"name":"wp","href":"https:\/\/api.w.org\/{rel}","templated":true}]}}